
11010001
In base 5, what is 10232 + 1?
10233
In base 3, what is 211012 - 11?
211001
In base 8, what is 116 - 7?
107
In base 15, what is 8d + -76?
17
In base 4, what is 1 - -1030?
1031
In base 3, what is -12 + 10121?
10102
In base 2, what is 100011010 - 1000?
100010010
In base 16, what is 2d - -25?
52
In base 12, what is 122 - 20?
102
In base 3, what is 12 - -10000?
10012
In base 15, what is 1 - 47?
-46
In base 5, what is 1430 - -2?
1432
In base 11, what is 2 - 41?
-3a
In base 15, what is -6 - -1e1?
1da
In base 10, what is 9 - -6?
15
In base 13, what is -1c + 27?
8
In base 8, what is 146 + 10?
156
In base 9, what is 55 - -4?
60
In base 15, what is 8 - 67?
-5e
In base 3, what is -10222 - -1?
-10221
In base 15, what is 3 + -547?
-544
In base 8, what is 343 + 5?
350
In base 15, what is -4 + -11e?
-123
In base 5, what is -1011 - -104?
-402
In base 15, what is 197 - 2?
195
In base 10, what is 78 + -31?
47
In base 5, what is 4 - 10?
-1
In base 12, what is 18 + b?
27
In base 7, what is -4 + -2012?
-2016
In base 3, what is -11000 + 1011?
-2212
In base 13, what is 4 + -5?
-1
In base 5, what is -10 + 110?
100
In base 11, what is 4 - 711?
-708
In base 10, what is -2716 - -4?
-2712
In base 4, what is -103 + 0?
-103
In base 16, what is -11 + 84?
73
In base 13, what is -2 - -76a?
768
In base 14, what is -1d - -1?
-1c
In base 14, what is 5 + -90?
-89
In base 12, what is 1 - 106?
-105
In base 14, what is c6 - 5?
c1
In base 13, what is 4 - -3959?
3960
In base 12, what is 1586 - 0?
1586
In base 7, what is 2000 - -21?
2021
In base 14, what is 8 + -d?
-5
In base 5, what is -1 - 104430?
-104431
In base 6, what is 1 + 10?
11
In base 2, what is 10101001 - 101?
10100100
In base 11, what is -1 + -5a?
-60
In base 13, what is 2 - -525?
527
In base 13, what is -5 - 70?
-75
In base 7, what is -1011 - -5?
-1003
In base 10, what is -33 - -3?
-30
In base 5, what is 11044 - -1?
11100
In base 9, what is -2 - 27?
-30
In base 7, what is -6 + -4?
-13
In base 6, what is -5 - -21?
12
In base 5, what is 1142 - -2?
1144
In base 10, what is -2 + -95?
-97
In base 7, what is 1065 - 3?
1062
In base 11, what is -19a9 - -1?
-19a8
In base 11, what is 1 - a66?
-a65
In base 16, what is -9c - -1?
-9b
In base 14, what is -17444 + -2?
-17446
In base 11, what is 361a + -1?
3619
In base 14, what is 0 - 592?
-592
In base 6, what is 5 - 543?
-534
In base 9, what is -5 + 200?
184
In base 10, what is -537 - -15?
-522
In base 4, what is 21132312 - 1?
21132311
In base 6, what is 42 + -3?
35
In base 8, what is 3204 + 2?
3206
In base 4, what is -101 + 303?
202
In base 5, what is -4341 - -2?
-4334
In base 15, what is -16 + 5?
-11
In base 15, what is 11 - 23b?
-22a
In base 6, what is -120 + -1344?
-1504
In base 7, what is 1160 - -2?
1162
In base 8, what is 146 + 76?
244
In base 5, what is 2 - -4?
11
In base 15, what is -3 - -1893?
1890
In base 15, what is 5 + -4?
1
In base 15, what is -5 + -1405?
-140a
In base 14, what is -31 - -121?
d0
In base 15, what is 0 - -8?
8
In base 16, what is -2 + 1a1?
19f
In base 2, what is -101001100 - 1101?
-101011001
In base 5, what is 31 + -132?
-101
In base 7, what is -636 + -4?
-643
In base 3, what is 100221 - 0?
100221
In base 6, what is -5234 - 24?
-5302
In base 11, what is 3a5 - 29?
377
In base 13, what is -1439 + 0?
-1439
In base 11, what is 7 - -89?
95
In base 10, what is -482 + 10?
-472
In base 9, what is -70 + 5?
-64
In base 16, what is -2 + -c3?
-c5
In base 4, what is -1 + -2033?
-2100
In base 3, what is -100102 + 1?
-100101
In base 10, what is 492 - -5?
497
In base 6, what is 0 + -322?
-322
In base 12, what is 69 - -6?
73
In base 7, what is 1440 - -4?
1444
In base 8, what is -20 + -2?
-22
In base 9, what is 4 - 442?
-437
In base 2, what is 100011001 + 1?
100011010
In base 7, what is 111 + -4?
104
In base 2, what is -100 + -100?
-1000
In base 12, what is -2 - -7a2?
7a0
In base 11, what is -122 + -49?
-170
In base 2, what is 1 + 101110010?
101110011
In base 11, what is -5 + -1?
-6
In base 13, what is a - -459?
466
In base 3, what is -101 - -112?
11
In base 11, what is -3 + 2210?
2208
In base 6, what is 2205 - -5?
2214
In base 4, what is -13 + 200?
121
In base 10, what is 5 + -4132?
-4127
In base 12, what is 44 + -16?
2a
In base 3, what is 11 + 2212000?
2212011
In base 3, what is -2021002 - 10?
-2021012
In base 14, what is -6 - 25?
-2b
In base 2, what is -1100001 - -110011?
-101110
In base 14, what is -7 - 14?
-1b
In base 12, what is -944 + 4?
-940
In base 7, what is 6 - 0?
6
In base 8, what is -10 - -167?
157
In base 15, what is 4 + -390?
-38b
In base 9, what is 3 - 7?
-4
In base 14, what is 2 + 13?
15
In base 13, what is -7b0 - 5?
-7b5
In base 4, what is -3 + 203?
200
In base 10, what is 0 + 33?
33
In base 9, what is -4 - 677?
-682
In base 13, what is 5 - -95?
9a
In base 6, what is -444 + 53?
-351
In base 2, what is 101110 + 100?
110010
In base 10, what is 5 + -57?
-52
In base 16, what is c - 76?
-6a
In base 10, what is 1904 + 0?
1904
In base 7, what is 202 + -1?
201
In base 9, what is -3625 - 1?
-3626
In base 3, what is 12021 + -12?
12002
In base 5, what is -31 - 2?
-33
In base 15, what is 1 + -84?
-83
In base 4, what is 123202 - 1?
123201
In base 9, what is -7181 - -5?
-7175
In base 10, what is 8 + 25?
33
In base 3, what is 21 + -20002?
-12211
In base 15, what is -5 - 81?
-86
In base 13, what is -4 + -c7?
-cb
In base 11, what is -49 + -33?
-81
In base 7, what is 0 + 1103?
1103
In base 5, what is 433 - -132?
1120
In base 11, what is 1662 + -5?
1658
In base 7, what is 3 + 343?
346
In base 15, what is 2d + -189?
-15b
In base 2, what is 100010 + 11?
100101
In base 4, what is 11 - 23031?
-23020
In base 3, what is 21111 - 12?
21022
In base 10, what is 2 + -196?
-194
In base 5, what is 21340 - 1?
21334
In base 14, what is 3 - -b?
10
In base 12, what is 2 - -3ab?
3b1
In base 15, what is -5495 + -5?
-549a
In base 9, what is -21 + 5?
-15
In base 5, what is -3 - 13402?
-13410
In base 14, what is 4 - 381?
-37b
In base 13, what is -25b + 4?
-257
In base 12, what is 1a8 + 1?
1a9
In base 15, what is 2 - -69?
6b
In base 12, what is 49 - a?
3b
In base 8, what is 16 + -65?
-47
In base 4, what is -1 - 1233?
-1300
In base 15, what is -a5 + -e?
-b4
In base 10, what is -4 + -42?
-46
In base 14, what is 1da - 3?
1d7
In base 15, what is -2 - -165?
163
In base 11, what is 58 - -7?
64
In base 11, what is 0 + -111?
-111
In base 13, what is -2 + 68?
66
In base 12, what is -2 - 41?
-43
In base 15, what is 6 + -15?
-e
In base 3, what is -211 - -10?
-201
In base 8, what is -1 - -2407?
2406
In base 8, what is 3 - 445?
-442
In base 12, what is 1 - -382?
383
In base 12, what is -3 + -74a?
-751
In base 16, what is -4 - 18?
-1c
In base 7, what is 1 - -23366?
23400
In base 5, what is 320 + -1?
314
In base 15, what is 2d7 + -1?
2d6
In base 11, what is 16 + -14?
2
In base 3, what is -11 + 101?
20
In base 15, what is -2 + -5d?
-60
In base 2, what is 101 + 10111000?
10111101
In base 10, what is 15 - 6?
9
In base 5, what is 222 - -32?
304
In base 5, what is 2 + 2422?
2424
In base 12, what is 4 + 1a?
22
In base 12, what is -1746 - 5?
-174b
In base 14, what is 299 + 1?
29a
In base 2, what is 100 + -110001111?
-110001011
In base 11, what is -14 + 1148?
1134
In base 3, what is 0 - -10022?
10022
In base 15, what is a - -47?
52
In base 11, what is -170 + -1?
-171
In base 3, what is 12 + 22101?
22120
In base 5, what is 1140 - 0?
1140
In base 8, what is 17333 - 2?
17331
In base 2, what is -10 - 1000001000?
-1000001010
In base 15, what is 7b5 + 8?
7bd
In base 4, what is -10 + -32?
-102
In base 9, what is -2 + -446?
-448
In base 11, what is -9 - -29?
20
In base 5, what is -1 + 21112?
21111
In base 9, what is 1 - 221?
-220
In base 11, what is -145 + -1?
-146
In base 15, what is 0 + -4d?
-4d
In base 9, what is -267 - 0?
-267
In base 16, what is -32c2 + -2?
-32c4
In base 8, what is 5 - 0?
5
In base 13, what is -6 + 14?
b
In base 10, what is -4 - -24?
20
In base 5, what is -2 + 230?
223
In base 11, what is 32 + 4?
36
In base 7, what is -3 + -21616?
-21622
In base 5, what is 10143 - -43?
10241
In base 2, what is -1 - -10100111?
10100110
In base 2, what is -111000011100010 + -11?
-111000011100101
In base 12, what is 2593 + -4?
258b
In base 3, what is 10202 - 1021?
2111
In base 13, what is 55a - -3?
560
In base 4, wh